{"id":14220,"date":"2020-06-01T16:16:36","date_gmt":"2020-06-01T14:16:36","guid":{"rendered":"http:\/\/piekarscy.com.pl\/?page_id=14220"},"modified":"2020-09-14T08:13:14","modified_gmt":"2020-09-14T06:13:14","slug":"more-maiorum-1-2020","status":"publish","type":"page","link":"http:\/\/piekarscy.com.pl\/?page_id=14220","title":{"rendered":"More Maiorum &#8211; 1\/2020"},"content":{"rendered":"<p>W 1 z 2020 roku numerze bezp\u0142atnego magazynu genealogicznego \u201eMore Maiorum\u201d ukaza\u0142 si\u0119 m\u00f3j artyku\u0142, w kt\u00f3rym pisz\u0119 tym, co mo\u017cna znale\u017a\u0107 w pa\u0144stwowych archiwach. Numer mo\u017cna pobra\u0107 <a href=\"https:\/\/www.moremaiorum.pl\/download\/more-maiorum-nr-1-2020\/\" target=\"_blank\" rel=\"noopener noreferrer\">tutaj<\/a>:<\/p>\n<p><a href=\"http:\/\/piekarscy.com.pl\/wp-content\/uploads\/2020\/06\/01-2020-okladka-2-1-scaled.jpg\"><img loading=\"lazy\" decoding=\"async\" class=\"aligncenter size-medium wp-image-14221\" src=\"http:\/\/piekarscy.com.pl\/wp-content\/uploads\/2020\/06\/01-2020-okladka-2-1-212x300.jpg\" alt=\"\" width=\"212\" height=\"300\" srcset=\"http:\/\/piekarscy.com.pl\/wp-content\/uploads\/2020\/06\/01-2020-okladka-2-1-212x300.jpg 212w, http:\/\/piekarscy.com.pl\/wp-content\/uploads\/2020\/06\/01-2020-okladka-2-1-724x1024.jpg 724w, http:\/\/piekarscy.com.pl\/wp-content\/uploads\/2020\/06\/01-2020-okladka-2-1-1086x1536.jpg 1086w, http:\/\/piekarscy.com.pl\/wp-content\/uploads\/2020\/06\/01-2020-okladka-2-1-1448x2048.jpg 1448w, http:\/\/piekarscy.com.pl\/wp-content\/uploads\/2020\/06\/01-2020-okladka-2-1-624x883.jpg 624w, http:\/\/piekarscy.com.pl\/wp-content\/uploads\/2020\/06\/01-2020-okladka-2-1-scaled.jpg 1810w\" sizes=\"auto, (max-width: 212px) 100vw, 212px\" \/><\/a> <a href=\"http:\/\/piekarscy.com.pl\/wp-content\/uploads\/2020\/06\/Zrzut-ekranu-2020-06-1-o-16.06.54.png\"><img loading=\"lazy\" decoding=\"async\" class=\"aligncenter size-medium wp-image-14224\" src=\"http:\/\/piekarscy.com.pl\/wp-content\/uploads\/2020\/06\/Zrzut-ekranu-2020-06-1-o-16.06.54-300x207.png\" alt=\"\" width=\"300\" height=\"207\" srcset=\"http:\/\/piekarscy.com.pl\/wp-content\/uploads\/2020\/06\/Zrzut-ekranu-2020-06-1-o-16.06.54-300x207.png 300w, http:\/\/piekarscy.com.pl\/wp-content\/uploads\/2020\/06\/Zrzut-ekranu-2020-06-1-o-16.06.54-1024x706.png 1024w, http:\/\/piekarscy.com.pl\/wp-content\/uploads\/2020\/06\/Zrzut-ekranu-2020-06-1-o-16.06.54-1536x1058.png 1536w, http:\/\/piekarscy.com.pl\/wp-content\/uploads\/2020\/06\/Zrzut-ekranu-2020-06-1-o-16.06.54-624x430.png 624w, http:\/\/piekarscy.com.pl\/wp-content\/uploads\/2020\/06\/Zrzut-ekranu-2020-06-1-o-16.06.54.png 1820w\" sizes=\"auto, (max-width: 300px) 100vw, 300px\" \/><\/a><a href=\"http:\/\/piekarscy.com.pl\/wp-content\/uploads\/2020\/06\/Zrzut-ekranu-2020-06-1-o-16.07.29.png\"><img loading=\"lazy\" decoding=\"async\" class=\"aligncenter size-medium wp-image-14223\" src=\"http:\/\/piekarscy.com.pl\/wp-content\/uploads\/2020\/06\/Zrzut-ekranu-2020-06-1-o-16.07.29-300x207.png\" alt=\"\" width=\"300\" height=\"207\" srcset=\"http:\/\/piekarscy.com.pl\/wp-content\/uploads\/2020\/06\/Zrzut-ekranu-2020-06-1-o-16.07.29-300x207.png 300w, http:\/\/piekarscy.com.pl\/wp-content\/uploads\/2020\/06\/Zrzut-ekranu-2020-06-1-o-16.07.29-1024x706.png 1024w, http:\/\/piekarscy.com.pl\/wp-content\/uploads\/2020\/06\/Zrzut-ekranu-2020-06-1-o-16.07.29-1536x1058.png 1536w, http:\/\/piekarscy.com.pl\/wp-content\/uploads\/2020\/06\/Zrzut-ekranu-2020-06-1-o-16.07.29-624x430.png 624w, http:\/\/piekarscy.com.pl\/wp-content\/uploads\/2020\/06\/Zrzut-ekranu-2020-06-1-o-16.07.29.png 1820w\" sizes=\"auto, (max-width: 300px) 100vw, 300px\" \/><\/a><a href=\"http:\/\/piekarscy.com.pl\/wp-content\/uploads\/2020\/06\/Zrzut-ekranu-2020-06-1-o-16.07.37.png\"><img loading=\"lazy\" decoding=\"async\" class=\"aligncenter size-medium wp-image-14222\" src=\"http:\/\/piekarscy.com.pl\/wp-content\/uploads\/2020\/06\/Zrzut-ekranu-2020-06-1-o-16.07.37-300x207.png\" alt=\"\" width=\"300\" height=\"207\" srcset=\"http:\/\/piekarscy.com.pl\/wp-content\/uploads\/2020\/06\/Zrzut-ekranu-2020-06-1-o-16.07.37-300x207.png 300w, http:\/\/piekarscy.com.pl\/wp-content\/uploads\/2020\/06\/Zrzut-ekranu-2020-06-1-o-16.07.37-1024x706.png 1024w, http:\/\/piekarscy.com.pl\/wp-content\/uploads\/2020\/06\/Zrzut-ekranu-2020-06-1-o-16.07.37-1536x1058.png 1536w, http:\/\/piekarscy.com.pl\/wp-content\/uploads\/2020\/06\/Zrzut-ekranu-2020-06-1-o-16.07.37-624x430.png 624w, http:\/\/piekarscy.com.pl\/wp-content\/uploads\/2020\/06\/Zrzut-ekranu-2020-06-1-o-16.07.37.png 1820w\" sizes=\"auto, (max-width: 300px) 100vw, 300px\" \/><\/a><\/p>\n<p>A przeczyta\u0107 na stronie mo\u017cna w tym miejscu:<\/p>\n<blockquote class=\"wp-embedded-content\" data-secret=\"ZO3Jzyi8zG\"><p><a href=\"https:\/\/piekarscy.com.pl\/?p=14232\">Szukaj w archiwach, czyli co kryj\u0105 \u017cyciorysy i ankiety<\/a><\/p><\/blockquote>\n<p><iframe loading=\"lazy\" class=\"wp-embedded-content\" sandbox=\"allow-scripts\" security=\"restricted\" style=\"position: absolute; clip: rect(1px, 1px, 1px, 1px);\" title=\"&#8222;Szukaj w archiwach, czyli co kryj\u0105 \u017cyciorysy i ankiety&#8221; &#8212; PIEKARSCY - ich przodkowie, krewni i powinowaci\" src=\"https:\/\/piekarscy.com.pl\/?p=14232&#038;embed=true#?secret=Ck91L7A8it#?secret=ZO3Jzyi8zG\" data-secret=\"ZO3Jzyi8zG\" width=\"600\" height=\"338\" frameborder=\"0\" marginwidth=\"0\" marginheight=\"0\" scrolling=\"no\"><\/iframe><\/p>\n","protected":false},"excerpt":{"rendered":"<p>W 1 z 2020 roku numerze bezp\u0142atnego magazynu genealogicznego \u201eMore Maiorum\u201d ukaza\u0142 si\u0119 m\u00f3j artyku\u0142, w kt\u00f3rym pisz\u0119 tym, co mo\u017cna znale\u017a\u0107 w pa\u0144stwowych archiwach. Numer mo\u017cna pobra\u0107 tutaj: A przeczyta\u0107 na stronie mo\u017cna w tym miejscu: Szukaj w archiwach, czyli co kryj\u0105 \u017cyciorysy i ankiety<\/p>\n","protected":false},"author":1,"featured_media":0,"parent":1356,"menu_order":0,"comment_status":"closed","ping_status":"closed","template":"","meta":{"footnotes":""},"class_list":["post-14220","page","type-page","status-publish","hentry"],"_links":{"self":[{"href":"http:\/\/piekarscy.com.pl\/index.php?rest_route=\/wp\/v2\/pages\/14220","targetHints":{"allow":["GET"]}}],"collection":[{"href":"http:\/\/piekarscy.com.pl\/index.php?rest_route=\/wp\/v2\/pages"}],"about":[{"href":"http:\/\/piekarscy.com.pl\/index.php?rest_route=\/wp\/v2\/types\/page"}],"author":[{"embeddable":true,"href":"http:\/\/piekarscy.com.pl\/index.php?rest_route=\/wp\/v2\/users\/1"}],"replies":[{"embeddable":true,"href":"http:\/\/piekarscy.com.pl\/index.php?rest_route=%2Fwp%2Fv2%2Fcomments&post=14220"}],"version-history":[{"count":5,"href":"http:\/\/piekarscy.com.pl\/index.php?rest_route=\/wp\/v2\/pages\/14220\/revisions"}],"predecessor-version":[{"id":14251,"href":"http:\/\/piekarscy.com.pl\/index.php?rest_route=\/wp\/v2\/pages\/14220\/revisions\/14251"}],"up":[{"embeddable":true,"href":"http:\/\/piekarscy.com.pl\/index.php?rest_route=\/wp\/v2\/pages\/1356"}],"wp:attachment":[{"href":"http:\/\/piekarscy.com.pl\/index.php?rest_route=%2Fwp%2Fv2%2Fmedia&parent=14220"}],"curies":[{"name":"wp","href":"https:\/\/api.w.org\/{rel}","templated":true}]}}